se s - 252 = -2*s. Suppose 0 = -v - 3 + 7, 4*f - 2*v = 12. List the prime factors of s/10 + (-2)/f.
2
Let g(v) = -v**2 - 13*v - 12. Let j be g(-12). Let l = j - -6. What are the prime factors of l?
2, 3
Suppose -s = 2*s - 3. Suppose -o + 3*g = s, 6*o - 2*o - 5*g = 31. What are the prime factors of o?
2, 7
Let f be -5*(1 - 4/10). Let k(r) = -r + 2. What are the prime factors of k(f)?
5
Let c = -90 - -161. List the prime factors of c.
71
Suppose 2*p + 1 = -4*h - 3, 20 = 2*p - 4*h. Suppose -5*o = -3*n + 79, p*o + 123 = 5*n - 0*o. List the prime factors of n.
23
Suppose 5 = -v + 3. Let b(c) = -c**3 + 15*c**2 + 16*c + 9. Let w be b(16). Let a = w - v. What are the prime factors of a?
11
Let f = 7 - 6. What are the prime factors of 1 - (-14 - -1)*f?
2, 7
Let v(a) = 8*a**3 + a**2 - a. Let x be v(1). Suppose -3*s + 25 = -x. List the prime factors of s.
11
Let w(i) = i**3 - 4*i**2 + 5*i - 6. Let u be w(4). Let p(n) = -10 - u*n**3 + 15*n**3 - 3*n + 7*n**2 + n. List the prime factors of p(-7).
2
Suppose 4*h = n - 129, -7 + 3 = -4*h. List the prime factors of n.
7, 19
Let d = -8 + 21. List the prime factors of d.
13
Let m(c) = -c - 10. What are the prime factors of m(-14)?
2
Let a be (0 + -1 - -3)*-3. Let x be 3/2*(-8)/a. Suppose 0 = -4*n + 3*n + x. List the prime factors of n.
2
Let g be 6*(-1 + 10/6). Suppose g*i - 40 = 2*i. List the prime factors of i.
2, 5
Suppose 391 = 2*a + 95. Suppose 8*v - a = 4*v. List the prime factors of v.
37
Let g = 8 + -16. Let r = 10 - g. What are the prime factors of r?
2, 3
Let a(h) = -h**3 + 5*h**2 + 8*h + 1. What are the prime factors of a(6)?
13
Let q(x) = -4*x + 8. What are the prime factors of q(-6)?
2
Suppose -1 + 0 = a. Suppose 1 + 47 = 3*c. What are the prime factors of 3*(a - c/(-3))?
13
Suppose -2*g - 2 = 2. Let s(d) = -d**2 - 5*d - 3. Let r be s(g). Suppose -2 = -q - 4*v - 0*v, 0 = -4*q - r*v + 34. List the prime factors of q.
2, 5
Let q(o) be the second derivative of -4*o**3/3 + 3*o**2 + o. Let d(a) = -a + 1. Let b(x) = 3*d(x) - q(x). List the prime factors of b(2).
7
Suppose 0 = -3*g - 5*p + 46 + 32, -4*p = -3*g + 51. List the prime factors of g.
3, 7
Let u be 0 - -1 - (-9)/3. Suppose u*q - 35 = 5. What are the prime factors of q?
2, 5
Let c(g) = -5 + g**2 + 5 - 4*g. Let i be c(5). Suppose 3*l + 2*q - 14 = 0, -2*l + i*q = -26 - 15. List the prime factors of l.
2
Let i(w) = 10*w - 7. Let f be i(7). Let h = f - 26. What are the prime factors of h?
37
Let u(n) = -n**3 + 5*n**2 - n + 5. Let s be u(5). Let x be s - (-10 + -2) - 2. Suppose -5*p - 15 = -x*p. What are the prime factors of p?
3
Let k(w) = 2*w**3 + w**2 + 3*w - 4. Let u be k(3). Suppose 0 = 4*s - 107 + 27. Suppose -s = 4*o - u. What are the prime factors of o?
2, 3
List the prime factors of -5*6/(-105) + (-2516)/(-14).
2, 3, 5
Suppose -v - 2 = 2*t, -4*v + 2 + 2 = 2*t. Suppose 7*z = 3*z - 12. What are the prime factors of (z - t)/(-1) - -11?
2, 3
Suppose 9*j - 5*j - 60 = 0. Let p = 7 + j. What are the prime factors of p?
2, 11
Suppose 26 + 6 = 2*b. Suppose -7 = -5*t - 42. Let p = b + t. What are the prime factors of p?
3
Suppose 0 = -s - 5*z + 111, -224 - 307 = -5*s - z. List the prime factors of s.
2, 53
Let a = -13 + 4. Let k = a - -14. What are the prime factors of k?
5
Suppose 2*i - 36 = -5*g, -i - 4*i = 5*g - 90. Suppose -t - 2*t = -i. List the prime factors of t.
2, 3
Suppose f - 8 = -f. Let h = 13 - f. What are the prime factors of h?
3
Let y(h) = h**3 + 5*h**2 - 6*h + 5. Let k be y(-6). Suppose -i + 6 = k*s, -i = -5*i + 4. What are the prime factors of s + -3 + 2*2?
2
Let c(b) = b**2 + 3*b + 11. What are the prime factors of c(-9)?
5, 13
Let b(x) = -8*x - 6. Let o be b(-4). Suppose 2*i = -h + o, -30 = -3*h - 3*i + 33. What are the prime factors of h?
2
Let n = 0 - -3. List the prime factors of n.
3
Let t = 196 - 34. List the prime factors of t.
2, 3
Let n = -130 - -268. List the prime factors of n.
2, 3, 23
Let y = 15 - 10. Suppose 113 - 33 = y*n. List the prime factors of n.
2
Suppose -2 - 1 = -n. Suppose -222 = -4*j + n*c, -c + 155 = 5*j - 113. List the prime factors of j.
2, 3
List the prime factors of (-8)/10 + 0 + 4176/20.
2, 13
Let m(t) = 50*t + 2. Let w be m(3). Suppose 3*j = -4*v - w, 3*v + 160 = -4*j - 31. Let f = j + 63. What are the prime factors of f?
19
Let p(m) = -m**2 + 8*m + 3. Let s be p(8). Let f = s - 0. Suppose f*u - 4*u + 14 = 0. What are the prime factors of u?
2, 7
Let y(m) = 4*m - 9. Let w(u) = 3*u - 8. Let g(l) = 5*w(l) - 4*y(l). Suppose 2*s + 4*d = -16, -12 + 36 = -3*s - 4*d. List the prime factors of g(s).
2
Let j be 30/8 + (-5)/(-20). Let o be 27 - 0/(-1 - -2). Suppose j*s = s + o. List the prime factors of s.
3
Let b = 793 - 513. List the prime factors of b.
2, 5, 7
Let n be (-1808)/(-12) + (-4)/6. Let a be 2/(-3) - n/(-9). Suppose 3*z - z = a. List the prime factors of z.
2
Let w = 64 - 37. What are the prime factors of w?
3
Let l be (696/36)/(1/3). Suppose 0 = -4*a + l + 26. List the prime factors of a.
3, 7
Let s = -2 - -2. Suppose u + s*u = 11. Let i = 19 - u. List the prime factors of i.
2
Suppose 5*k + 0*k - 905 = 0. What are the prime factors of k?
181
Suppose 2*r - 90 = -0*r. What are the prime factors of r?
3, 5
Let z = 2 - -2. Suppose 0 = 4*f - 6 + 14. What are the prime factors of f/8 - (-41)/z?
2, 5
Let t(i) be the first derivative of i**3/3 - 2*i**2 - 1. Let n be t(4). Suppose 0 = -4*c + 3*o + 1, -c - 5*o + n = -29. What are the prime factors of c?
2
Let f = 9 - -41. What are the prime factors of f?
2, 5
List the prime factors of 4/(-8)*-1*58.
29
Suppose n = -2*l + 258, 0*l - 809 = -3*n + l. What are the prime factors of n?
2, 67
Let d(c) = -c**2 - c + 4. Let j be -1 + (1 - (1 + -1)). Let z be d(j). Suppose g - u - 23 = -2*g, -z*g = -2*u - 30. List the prime factors of g.
2
Let u = 40 - 17. Suppose 17 = 5*s - u. List the prime factors of s.
2
Let d(a) = -a**3 + 10*a**2 - 7*a - 12. Let o be d(9). Suppose -m - o = -2*g, -g + 3*m + 10 = g. What are the prime factors of -1 + g + (0 - -6)?
7
Suppose x + 49 = 196. List the prime factors of x.
3, 7
Let z be 5/15 + (-142)/(-6). Suppose 0 = -4*s + 28 + z. Suppose -s - 7 = -2*y. List the prime factors of y.
2, 5
Suppose 4*g + 2*n = 5*g + 7, 4*g - 3*n + 33 = 0. Let p(r) = -r - 5. Let j be p(g). What are the prime factors of (j/((-8)/14))/(-1)?
7
Let b be -13*-1*(-2 - -1). Let w = b - -22. What are the prime factors of w?
3
Let n be 226/7 + (-4)/14. Suppose 4*o - 24 = n. Suppose 15 = 2*l - 5*h, -l - 2*h + o = 2*h. What are the prime factors of l?
2, 5
Let a(d) = 5*d + 19. Let v(w) = w + 1. Let h(z) = a(z) - 4*v(z). Let c be h(-9). Suppose p = 3*k + 12, -c*k = -p - 2*k + 15. List the prime factors of p.
3
Let i(s) = 15*s + 24. Let r(h) = 7*h + 12. Let f(k) = -6*i(k) + 13*r(k). Suppose -12*u - 34 = 86. List the prime factors of f(u).
2
Suppose 2 = m - 2*t, -4*t = -2*t + 6. Let z be ((-2)/m)/(2/40). List the prime factors of (-164)/(-14) + z/35.
2, 3
Suppose r + y - 50 = 0, -r + 6*y = 4*y - 47. Suppose a = -2*j + 5*j + 3, 0 = 5*a + 2*j - r. What are the prime factors of a?
3
Suppose -30 = -5*g - 5*f, 0 = g - 5*f + 6. Suppose -g*o - 5 = -5*w, 0*o = 3*o - 3*w. Let h = -3 + o. What are the prime factors of h?
2
Suppose 4*z = -4*g + 372, 2*g + 3*g - 372 = -4*z. What are the prime factors of z?
3, 31
Suppose -r - r + 3*t = -18, 2*t = -5*r + 7. Suppose -r*i + 77 = 17. Suppose -17 = -5*w + 2*w + 2*a, -4*w + i = -4*a. What are the prime factors of w?
7
Let p = 4 + -5. What are the prime factors of 1/(1/(-2)*p)?
2
Suppose 5*z - 4 = 3*r, -4*r + 7 = 5*z - 11. What are the prime factors of 2 + (r - 2) + 1?
3
Let w(q) = q + 7. Let d be w(-5). What are the prime factors of (35/(-15))/(d/(-6))?
7
What are the prime factors of 64 + 4/2 + 2?
2, 17
Let m(c) = -c**3 + c**2. Let z(p) = -6*p**3 + 17*p**2 + 16*p - 11. Let j(h) = -5*m(h) + z(h). List the prime factors of j(13).
2, 7
Suppose -153 = -5*s + 7. Suppose 0 = -2*x - 0*x + s. What are the prime factors of x?
2
Let u be 17 - -2 - (-2)/(-2). Let s = u + -8. What are the prime factors of s?
2, 5
Suppose -21 = -2*t + 67. List the prime factors of t.
2, 11
What are the prime factors of 35/(-15)*-15 + -4?
31
Let i(y) = 12*y**3 - 4*y**2 + 10*y - 9. What are the prime factors of i(3)?
3, 103
What are the prime factors of -4 + 2 + 48 - 